8 - -4) + -1)?
-10
What is -6 + -5 + -20 + 21?
-10
Evaluate (31 - -8) + (-10 - (5 - (18 - 7))).
35
Evaluate (-2 - (13 + -10)) + 18 + -10.
3
What is (-17 - -4) + (-18 - -47)?
16
6 + -1 - (-29 + 2 - -29)
3
What is the value of 7 + 0 + -19 + 3 + 1?
-8
What is the value of 19 + (10 - (-14 + 38 + -12))?
17
What is the value of -28 + (-2 - (-2 + 0) - -9 - 6)?
-25
What is -10 - (-14 - (-9 + 6 + 4))?
5
Evaluate -5 + 7 - -2 - (2 + 6).
-4
Calculate -3 + -2 + (60 - 67) - -35.
23
What is the value of (-15 - -2) + -7 + (-9 - (-2 - 12))?
-15
What is 65 + -30 - (8 - -15)?
12
What is 1 + 5 - (18 + (2 - (1 - -7)))?
-6
Calculate 0 - -1 - -2 - (-659 + 653).
9
What is -7 + (-4 - -5) + (3 - 13 - -3)?
-13
What is 2 + (5 - 15) - (-9 - -1)?
0
Evaluate 10 + (12 - 18) + 2 + (-1 - -1).
6
Calculate 23 + -4 + -11 + (1 - -2).
11
Evaluate 9 + (-4 - 3 - (-17 + 17)).
2
What is the value of -14 + -9 + 34 + 1?
12
Calculate 1 + -3 + 23 - (3 + (23 - 24)).
19
Evaluate -9 + (5 - 3 - -1) + (112 - 114).
-8
Calculate -4 + 14 + -23 - -13.
0
What is (-2 - -5 - -6 - 4) + -16 + 1?
-10
5 + 4 + -14 - 1 - -14
8
Evaluate 1 + 9 - (-106 + 110).
6
Evaluate 0 - 0 - (15 + -47 + 37).
-5
What is -13 - -18 - (14 + (5 - 5)) - -9?
0
9 - ((33 - 17) + -16 + (9 - 2))
2
Evaluate (-59 - (-38 + -20)) + (-7 + 1 - -2).
-5
4 + -13 - (-8 + -2)
1
What is -3 - (17 + (10 - (3 - 11 - -16)))?
-22
What is the value of -131 - -147 - (35 - 2)?
-17
What is the value of -7 + (-3 - 1 - (102 + -103))?
-10
-5 - -8 - (-33 + 6 + 5)
25
Calculate -32 + 38 - (-3 + (6 - 12)).
15
What is the value of 39 - (20 - 25) - 28?
16
-7 + 23 + (0 - 1) + (-6 - -6)
15
What is the value of -15 - 1 - (-9 - -1)?
-8
What is -6 + -8 + 5 + -18?
-27
-8 - (-14 + 9 + -13)
10
Evaluate -2 - (-3 + 1) - (-12 + 24 + -13).
1
What is 6 + -5 + -15 + -3 + (-4 - -9)?
-12
(-17 - -31) + (-30 - 4)
-20
Evaluate -14 - (8 + (-8 - -9) - 8).
-15
Evaluate (14 - 1) + (-24 - -10 - -4).
3
What is the value of -10 + (27 - 25) - (0 - 21)?
13
What is the value of 4 + -1 + -9 + (4 - 2) + 0?
-4
9 - 19 - -20 - (-2 - -8)
4
What is 4 - 21 - (16 + (-56 - -27))?
-4
What is the value of 6 + -4 + -7 + -16 - -9?
-12
(-16 - -28) + -6 + (1 - (1 - -7))
-1
What is -4 + 3 + 0 + -5 + -1 + 13?
6
Evaluate 1 + 8 - (395 - 395).
9
What is the value of 32 + -13 - (61 + -18)?
-24
What is -18 + (1 + 10 - -10)?
3
Calculate -2 - (-6 + 1 - (30 + -29)) - 24.
-20
What is the value of 3 + (12 - (-46 + 51))?
10
Calculate -16 + (20 - 7) + (-1 - -2 - 3).
-5
What is -11 - -1 - ((-11 - -7) + -6)?
0
Calculate (-10 - 1) + -2 - -12.
-1
Evaluate 8 - (8 + (14 - 11)).
-3
What is -2 + -2 + 7 + -2 - -9 - 8?
2
What is the value of (3 - (3 - (1 + -5 + 9))) + -5?
0
What is (2 - 3 - -1) + (1 - (-12 - -3))?
10
Evaluate (-34 - -19) + 10 + 0 + 8.
3
What is the value of -1 + 0 - ((12 - (18 - 5)) + 9)?
-9
What is (38 - (0 - -3)) + (97 - 111)?
21
What is the value of -268 - -287 - (1 + 11)?
7
-10 + -1 + (-825 - -813)
-23
Calculate 1 + 16 + (-5 + 2 - (-1 + 6)).
9
Calculate -27 + 38 + (-6 - 36).
-31
(1 - (-5 - 3 - -4)) + -3
2
What is 35 + -2 - ((1 - 5) + (-17 - -31))?
23
Evaluate -26 + 37 + 14 + -38.
-13
Calculate (-16 - -16) + -4 - (1 - 4) - -4.
3
Evaluate -10 - (-73 + 85 + (-52 - -1)).
29
What is the value of 15 + (1 - 10 - -1) + 1 + -10?
-2
Calculate 1 - -12 - (95 + -37 - 39).
-6
Calculate 10 + (-25 - -63) + -26.
22
What is (-15 - -14) + -14 + 15?
0
-27 + (-30 - -17) + 19 - -13
-8
What is -13 - 1 - (-21 - (62 + -101))?
-32
What is the value of (1 - 6) + 1 - (4 - -58 - 60)?
-6
What is the value of -17 + 4 + -102 + 94?
-21
Evaluate -3 - ((30 - 3) + -19).
-11
Calculate (-172 - -182) + (-2 - (2 + 0)) - -5.
11
What is the value of -9 + -1 - (-39 - -39)?
-10
Calculate (17 - -16 - 18) + (-4 - -13).
24
What is the value of 26 - (-1 + (48 - 16))?
-5
Calculate -16 + 39 - (12 + 2).
9
Evaluate -32 - (32 + -16 - 28).
-20
Calculate 2 + 33 + -44 - 23.
-32
What is the value of (-3 - 6) + 7 + 11?
9
Evaluate -9 + (6 + 0 - (9 - 4)).
-8
(2 + -2 - 0) + 176 + -182
-6
Calculate -12 - ((-9 - -11 - -11) + -10).
-15
What is the value of (9 - 20) + (4 - -24)?
17
28 + -18 - 27 - -15
-2
What is the value of -4 + (-1 + 2 - -11) - (-4 - -32)?
-20
What is the value of 14 + -7 + 8 - 13?
2
What is the value of 340 - 345 - (4 + 1)?
-10
Evaluate -10 - (-44 - -40) - 26.
-32
2 + (-4 - 0) + 0
-2
Calculate -6 + (-10 - (15 + -27)).
-4
Evaluate -17 - ((-9 - -10) + -5 - 0).
-13
(-7 + 9 - 14) + 24
12
2 + 3 - (6 - -8)
-9
Calculate 25 - (19 + -13) - 2 - (7 + -2).
12
-7 + (-4 - (-9 + 5 - -5 - -7))
-19
Calculate -4 + 2 + -11 + (14 - 3) + 1.
-1
(0 - -8 - 0) + -15 - -3
-4
Calculate -44 + 16 + 17 + 13 + 0 - -1.
3
What is the value of (-1 - (-1 - 0)) + -17 + -9?
-26
What is the value of 9 - (12 - (-3 + 12 - -9))?
15
What is 39 - (34 - (36 - (8 + 10)))?
23
234 + -224 + (21 - (1 - 1))
31
What is (6 - 0) + -3 + 2 + 10?
15
What is (-13 + 1 - -23 - 15) + -12?
-16
2 + (-14 + 10 - (5 - -3))
-10
Evaluate 16 - 8 - ((-13 - 3) + 15).
9
Evaluate -20 + (-3 - 20) + 21.
-22
What is (-5 - 6 - -4) + 2 - -13?
8
What is 4 - 2 - (-2 + -5) - -4?
13
Calculate 10 + (-20 - (8 + -17 + -2)).
1
Calculate (0 - -6) + (-7 - -8).
7
Calculate (8 - (2 + 6)) + 1 + 11 + -6.
6
What is the value of 4 + (-1 - (10 + -3 + -5)) + 7?
8
12 + -18 + 9 + 2
5
What is (1 - 26 - -11) + 1?
-13
What is the value of -26 - (-14 - (6 + 10))?
4
What is 1 + 8 + -569 + 547?
-13
What is -21 + 35 + 5 + -24?
-5
45 + -21 + -48 + 5
-19
What is -2 - (10 + (-32 - -43))?
-23
Calculate -12 + (17 - (-1 + -2)).
8
What is 6 + -11 + 1 - (-22 + 37)?
-19
What is the value of -40 - -18 - (42 - 77)?
13
Evaluate (0 - -5 - (20 - (42 - 30))) + -18.
-21
What is (280 - 276) + (2 - (1 - 3))?
8
What is (-5 + 25 - 18) + 17?
19
What is the value of -4 + -3 - (6 - 14 - -8)?
-7
Evaluate 3 - (12 - (0 - 1 - (-6 - 0))).
-4
What is (-25 - -33 - -9) + -28?
-11
Calculate (0 - 10 - (-81 - -68)) + -30.
-27
Evaluate (15 - 10) + -16 - -23.
12
What is the value of -1 + -43 - (2817 - 2899)?
38
What is the value of -7 - -1 - (-9 + -1 + 3) - 16?
-15
Calculate 15 + (17 - (-18 - -9 - -14)).
27
What is -27 - (-9 + (-12 - -12) + 0 + 10)?
-28
What is -5 + 0 - (2 + -10)?
3
Evaluate 15 - (-9 + (7 + -8 + 8 - -2)).
15
Calculate -12 + 3 - -11 - (10 - 1).
-7
Evaluate 8 + (-11 - -10) + (-1 + 24 - 7).
23
What is the value of -5 - (9 - (-3 + -6 + 11) - 2)?
-10
What is the value of (-5 + 1 - -13) + -15 - -2?
-4
Calculate (11 - (-8 + 5)) + (7 - 4 - 8).
9
What is 799 + -803 + (3 + (-1 - 1) - 10)?
-13
Evaluate 10 + -1 + (-23 - -12) + 5 + -6.
-3
Evaluate -13 + (0 - (-1 + 2)) - -2.
-12
(-606 - -529) + (49 - 3)
-31
Evaluate 16 + (25 + -54 - 8).
-21
What is the value of -30 + 6 + 13 + 1?
-10
Evaluate 3 + 1 + -1 + (99 - 113).
-11
-39 + 84 + -46 - ((-1 - 0) + 15)
-15
Calculate 43 - (6 + (0 - -3) - 1) - 7.
28
What is 20 + -26 + -3 - -16?
7
What is 13 + (-2 - 2) - ((4 - 15) + 19)?
1
What is -18 - (-6 - (-14 + 5) - 7)?
-14
What is -16 - ((-2 - (-13 - (-13 - -6))) + -5)?
-15
What is (-2 - (2 + -1)) + 18 + -13 + 17?
19
What is -6 + 0 + (11 - 6) + (0 - -10)?
9
What is (73 - 44) + (1 - -4) - 0 - 4?
30
-9 + 11 + -15 + 33 - 14
6
What is the value of 8 + (9 - (-2 - (9 + -17)) - -1)?
12
What is -11 - (-17 + 5 + -16 + 8)?
9
What is the value of 39 - (16 + -10 + 30)?
3
Calculate 2 + (-7 - (-13 + 13)).
-5
4 + -2 - (-1 + -5 + 4 - -23)
-19
Evaluate -34 + -1 - (2 - 1) - (53 + -61).
-28
What is -7 - (-13 + 4 + 4 + -1)?
-1
Calculate -18 + 5 - (-49 - -68).
-32
What is the value of -10 + (15 - 3) + -13?
-11
-9 - -34 - 24 - 7
-6
What is (-11 + 7 - -11) + -16 - -5 - -4?
0
What is -23 + 15 + (2 - 4) + (1 - -7)?
-2
What is -7 + (-4 - (1 - (9 - 4))) + 11?
4
Evaluate 34 + -15 + 25 + -57.
-13
Evaluate (6 + -2 - -1 - 5) + (14 - 15).
-1
What is the value of -5 + (-7 - (-9 - (-4 - -2))) + -11?
-16
What is the value of 4 - (-3 - (-5 - -7 - 1) - -1)?
7
What is the value of -3 + 5 - (2 + -2 + -1)?
3
Calculate -6 - -15 - (10 - 1 - 4 - 9).
13
What is (27 - 31) + (21 - 2)?
15
Calculate -8 + 15 + (-12 - -7) + -2.
0
What is the value of (2 - 2) + 3 - (6 + -10 - -20)?
-13
What is the value of 1 - -2 - ((-18 - (14 - 7)) + 14)?
14
Evaluate -1 - (-14 + 16 - 2).
-1
What is -4 + (-1 + 5 - -5)?
5
What is -13 + (-11 - -17) - (-3 + 0) - 4?
-8
-27 - ((45 - 102) + 39)
-9
What is the value of 21 + (11 - 41 - -11)?
2
What is -8 + (-7 - -20) - (3